 v and 1176?
8
Let r = 26719 + -15797. What is the greatest common divisor of 254 and r?
254
Let r = 8742 + -7392. What is the greatest common divisor of r and 324?
54
Suppose 43*g + 2427 = 50*g + 334. Let a(j) = -3*j + 4. Let s be a(-3). Calculate the greatest common factor of s and g.
13
Suppose 2*r = 5*i + 27, -3 = 2*i - i. Let u be (-7)/((-35)/10) + r*-11. Let p = -48 - u. Calculate the highest common factor of p and 128.
16
Let g be ((-1)/4 + 0)/((-12)/192). Let y(p) = 4*p**2 - 11*p + 4. Let j be y(g). Calculate the greatest common divisor of j and 648.
24
Suppose -9*r + 2518 = 34. Let l be r + -4 - (6 + -6). What is the greatest common factor of l and 34?
34
Let h be (-7)/(-1)*3 + -1. Let p be 8 - (1 - ((6 + -4 - -7) + -4)). What is the greatest common factor of h and p?
4
Suppose -8*u = -6*u - 40. Let j = 26 + -23. Suppose -3*v = -3*f - 54, 1 = -f + j. What is the greatest common factor of v and u?
20
Let j be (4/(-7))/((24/(-28))/3). Suppose -j*l + 114 = -p, p = -2*l - 0*p + 110. Calculate the greatest common divisor of l and 196.
28
Let x be 48*(-11)/(-44) + 24. Calculate the highest common factor of 297 and x.
9
Let a(r) = -r**3 + r**2 + 5*r - 4. Let i be a(2). Suppose 2*c - 76 = n, i*n = -2*c + 7 + 69. Calculate the greatest common factor of 418 and c.
38
Let r = -572 + 580. Suppose r*d - 70 = -14. What is the greatest common divisor of 77 and d?
7
Let y(q) = 523*q**2 - 17*q - 2. Let z be y(3). What is the greatest common factor of 104 and z?
26
Suppose 123 - 408 = -5*m. Let j = -3673 - -2518. Let o = 1782 + j. Calculate the greatest common factor of o and m.
57
Suppose 0 = -3*w + 5*k + 50, 5*w + 7*k = 5*k + 104. Let u be 1/(-3 - (-32)/10). Suppose -u*n + 10*n = 20. What is the greatest common divisor of n and w?
4
Suppose 822 = 3*y + 2*a, -12*y + 11*y + a = -279. What is the highest common factor of y and 396?
12
Suppose -6*k + 7*k - 192 = -5*f, 5*k - 141 = -4*f. Suppose -35*y = -32*y - f. What is the highest common factor of 169 and y?
13
Let r = 545 - 336. Suppose 12*b + 2*b + 1344 = 0. Let f = b + 115. Calculate the highest common factor of r and f.
19
Let i(b) = -b**3 + 7*b**2 + 2*b + 5. Let d be i(6). Suppose -5*u + d + 12 = 0. Let z = 8245 - 8128. What is the highest common divisor of z and u?
13
Let b = 3479 + 7452. Calculate the highest common divisor of b and 34.
17
Suppose 4*x + 235 = -13. Let j = 88 + x. Suppose o - j = -23. What is the highest common factor of 1 and o?
1
Let y be 3 + 2327/8 - (-2 - (-15)/8). Calculate the highest common factor of 840 and y.
42
Suppose 5*b - 2296 = -2*b. Suppose 3*o - 6 = -18, 5*p - 3*o + b = 0. Let w = p - -74. Calculate the greatest common divisor of 42 and w.
6
Let r(w) = -55*w**3 + 9*w**2 + 14*w + 9. Let i be r(-3). Calculate the greatest common divisor of i and 146.
73
Let v be (1/2)/(8/12112). Suppose 155 = a + 3*t - 0*t, -5*a + 3*t = -v. Let w be 3*4/(-48)*-76. Calculate the greatest common divisor of a and w.
19
Suppose -9*w + 486 = -3*w. Let f = -74 + w. Let p(q) = -q**3 + 9*q**2 + q - 6. Let b be p(f). Calculate the highest common divisor of 33 and b.
33
Let o = -21 + 23. Let x be (-12)/(-12) + (1 - 47). Let z = -29 - x. What is the greatest common factor of o and z?
2
Suppose -4*k + 3*m + 66 + 61 = 0, 3*m - 41 = -2*k. Calculate the greatest common factor of k and 32.
4
Let t be 0*((-2 - -2) + -1)*1. Let o = 8 - t. Suppose -4*c = 4*p - 15 - 1, 10 = c + 3*p. Calculate the highest common factor of o and c.
1
Suppose -7380 = 80*b - 142020. What is the greatest common divisor of b and 396?
99
Suppose -3*i - 144 = -2*f, 100 = 4*f + 3*i - 152. Suppose 497 = 3*k - 3*z + 2*z, 3*z + 6 = 0. Calculate the greatest common divisor of f and k.
33
Let j be (0 - -5)*(-1 + 7 - 5). Suppose j*s + 5*p - 1565 + 210 = 0, -273 = -s + p. Suppose f - 6*f + 170 = 0. What is the highest common factor of f and s?
34
Let o = 34 + -11. Let z = -56 - -168. Let r be z/48*(-69)/(-1 + 0). What is the greatest common divisor of o and r?
23
Let q(j) = 2*j**2 + 8*j + 8. Let z be q(-6). Suppose -3*i = -3, 4*i = -2*o + 9*i + 347. Calculate the highest common divisor of o and z.
16
Let l be 220 + 2 - (1 - 0). Suppose -2*r - p = -l + 25, r + 5*p - 98 = 0. Suppose 4*z + 6508 = 6564. What is the highest common divisor of r and z?
14
Suppose 44*k - 183 = 41*k. What is the highest common divisor of k and 2?
1
Let a be (20/(-4))/(6/(-78)). Let v = a - 97. Let l = v - -74. What is the highest common divisor of 14 and l?
14
Let b be 8/20 - (-16)/5*(-1212)/(-24). What is the highest common factor of 7668 and b?
54
Suppose 0 = -2*c + 8, 2*c = a - 3*c - 90. Let v = 118 - a. Calculate the highest common divisor of v and 48.
8
Let k(m) = 212*m**2 - m + 12. Let j be k(-4). Suppose -h = -5*h - j. Let c be (-13)/(130/h) + (-2)/10. What is the highest common factor of 17 and c?
17
Let r(t) = t**2 - 9*t - 19. Let a be r(11). Let u(f) = 9*f - 25 + 3 + a. Let h be u(11). Calculate the greatest common factor of h and 120.
40
Let d be (1 + (-34)/10)*-270. Suppose -18*u + 14*u - 60 = -2*t, 21*t - 3*u - 1098 = 0. What is the highest common factor of d and t?
54
Suppose 3 = -3*x + 9. Let f(n) = 4*n + 40. Let c be f(x). What is the greatest common factor of 64 and c?
16
Suppose s - 10 = -n, 2*n + 26*s = 28*s. Suppose 3 = 2*k + 1. Calculate the greatest common divisor of k and n.
1
Let w be (-831)/(-15) - (-9)/15. Let b be 6/(-8)*w/(-21). Suppose -4*r + 46 = 2*c, c + 2*c + 11 = b*r. What is the highest common divisor of r and 30?
10
Let a(q) = -5*q + 57. Let c be a(6). Let w be (-7)/(-5)*(8 + c). Calculate the greatest common divisor of w and 539.
49
Let w be (9 - -1) + 119 - 7. Calculate the greatest common factor of w and 1403.
61
Let m = 1582 + -1567. What is the greatest common divisor of 475 and m?
5
Suppose -70*z - 899 = 58*z - 159*z. Calculate the highest common factor of 7 and z.
1
Let z = 180 + -108. Suppose 0 = r + 5*x - 95, 2*r - 4*r + 5*x + 130 = 0. Let j = -67 + r. What is the highest common divisor of z and j?
8
Let n be 0 + 9 + -2 - 6. Let j be (((-80)/(-15))/2)/(n/3). Calculate the greatest common divisor of 22 and j.
2
Let w(s) = 163*s**2 + 10*s - 98. Let a be w(7). Calculate the greatest common factor of a and 21.
21
Let h = -414 + 821. Let r(k) = 36*k**3 + 2*k**2 - 6*k + 5. Let l be r(1). Calculate the highest common divisor of l and h.
37
Suppose 0 = 69*p + 9*p - 39546. Calculate the greatest common divisor of p and 1352.
169
Let l = 83 - 29. Suppose 53*k + 282906 = 222*k. What is the highest common divisor of l and k?
54
Suppose 389*t + 388*t = 800*t - 20976. What is the greatest common divisor of t and 114?
114
Let f = 1057 + 756. Calculate the highest common factor of 296 and f.
37
Let a be 81 + -1 + 0/(-4) + 0. Suppose 47*l - 256 - 872 = 0. Calculate the highest common divisor of l and a.
8
Suppose 5*c + 72 = t, 0 = t + c - 10 - 44. Let m = t - -160. Suppose 0 = 12*q + 2*q - 434. What is the greatest common factor of q and m?
31
Let p be (2/(-3))/(4/(-14) - 8974/(-31752)). What is the greatest common factor of p and 684?
36
Suppose 145*v = -5*r + 150*v + 215, 3*r - 113 = -v. Calculate the highest common factor of r and 143.
13
Let b be 5 + -3 - (-2 + -4). Suppose b*v + 84 = 852. Calculate the greatest common factor of v and 36.
12
Let d(i) = 7*i - 19. Let u be d(5). Suppose 0 = -13*f + 10*f. Let v be f + (37 - 3) + -2. Calculate the greatest common divisor of v and u.
16
Suppose -t = 3*a - 8, -4 = -6*t + 2*t - 5*a. Let x be 110/4*t/(-5). Suppose -23*u = -5043 + 489. Calculate the highest common factor of u and x.
22
Let j be ((-3)/6)/(362/(-120) - -3). Suppose q - j = -4*q. What is the highest common divisor of q and 162?
6
Let q = 647 + -644. Suppose -5*p = -c - 289, -q*p + 11*c + 167 = 12*c. What is the highest common divisor of 57 and p?
57
Let h(j) = j**3 - 107*j**2 - 91*j + 449. Let n be h(108). What is the greatest common divisor of n and 5?
5
Let f(w) = w**3 - 51*w**2 - 241*w + 585. Let o be f(57). Calculate the greatest common divisor of 42 and o.
42
Let y = -2703 + 2716. Let v be (-5)/(-2)*12/15. Suppose 0 = -v*z - 3*g + 33, y*g - 9*g + 4 = 0. Calculate the greatest common divisor of z and 126.
18
Let f be (-1)/(-8) + (-55)/(-8). Suppose f*r - 30 = r. Suppose d = 5*h - 15, 4*h - 5*d - 33 = -0*d. What is th